1. Determine h(c).
-5
Let i(u) = -12*u**3 - 7*u**2 + 10*u. Let g(z) = 4*z**3 + 2*z**2 - 3*z. Let v(d) = -7*g(d) - 2*i(d). Give v(1).
-3
Suppose -5*y - 3*n + 95 = 0, 2*n - 5 = 3*n. Let r(q) = -5*q**3 + 22 - q - y. Determine r(-1).
6
Let f(x) be the third derivative of -x**6/120 + x**5/20 + x**4/6 - 2*x**3/3 + 7*x**2. Give f(4).
-4
Let j(x) = -2*x + 2 + 4*x - x. Calculate j(-3).
-1
Let o(k) = k**3 - k**2 - 3. Suppose 5*m = -10, -c - m - 7 = 3*m. Let i = c - 1. What is o(i)?
-3
Let j be (-8)/(-6)*(-6)/(-4). Let h(g) be the third derivative of -g**4/12 - g**3/6 + 4*g**2. Give h(j).
-5
Let s(y) = y - 2 - 2 + 15. Suppose -5*x - 4 = c + 11, -5*c - 4*x - 33 = 0. What is s(c)?
6
Let b be 2 + -5 - (3 + -4 + -3). Let m(g) = 5*g**2 + g - 1. Calculate m(b).
5
Let d(y) = -5*y**2 + 2*y + 2. Suppose 8*v - 8 = 12*v. What is d(v)?
-22
Let r(a) be the second derivative of 0 + a - 2/3*a**3 + 1/12*a**4 - 3*a**2. Give r(5).
-1
Let p(x) = -9 - 2*x + 6 + 2. Give p(-1).
1
Let k(v) = -v**2 + 4*v + 8. Suppose -5*s - 6 = -6*s + 2*n, -4*s - 4*n = -36. Give k(s).
-24
Let f(a) = -8*a**2 - a. Let y(t) = 5*t**2 - 3*t**2 - 4*t**2. Let u(p) = 2*f(p) - 9*y(p). Let r = 114 + -112. What is u(r)?
4
Let u(i) be the third derivative of 7/24*i**4 + 1/2*i**3 - 1/120*i**6 + 0 - 4*i**2 + 0*i - 1/15*i**5. Calculate u(-5).
-7
Let r = -5 + 7. Let x(q) = q - r*q - 4 - q. Determine x(-4).
4
Let p(h) = -h + 5. Let g(v) = v - 3. Let a be g(6). Let z = 8 - a. What is p(z)?
0
Let f = -8 + 8. Suppose 5*k = -g + 3, f = -5*k - 4*g + 9 + 3. Suppose k = 4*y + 20. Let i(c) = -c**3 - 6*c**2 - 7*c - 7. What is i(y)?
3
Let f = -16 - -18. Let d be (1 + 1)*(-2)/(-1). Let h(k) = d + k + 0*k - 3 - 2*k**2. Calculate h(f).
-5
Let x(d) be the second derivative of 0 + 1/2*d**2 + 5/6*d**3 - d. Suppose 5*o = -6 + 11. Calculate x(o).
6
Suppose -4*y - 31 = 5*w, -w + 4 - 6 = 5*y. Let q(d) = d**3 + 6*d**2 - 7*d - 9. Calculate q(w).
-9
Let v(p) = -p**3 - 4*p**2 - 3*p - 4. Let t = 71 + -75. Give v(t).
8
Let a(q) = -q. Let f(j) = -j**2 - 3*j + 7. Let h(x) = 6*a(x) - f(x). Give h(6).
11
Suppose -5 = i - 2. Let p be 0/((i/3)/1). Let y(g) = -g + 1. What is y(p)?
1
Let p(r) = -4*r - 2. Let m(x) = 3*x + 2. Let w(c) = -6*m(c) - 4*p(c). Let a be w(-5). Let n(k) = a + 5*k - 4*k - 10. Give n(3).
-1
Let s(q) = -q - 4. Let g = -30 + 24. Determine s(g).
2
Suppose -2*h = 5*b - 55, 20 = 2*h - 0*h - 2*b. Suppose 0 = -5*a - u + h, 3*u + 6 = 2*a + u. Let t = a + -2. Let n(o) = 2*o**2 - o. What is n(t)?
1
Let a(n) = -n**2 + 5*n + 3. Suppose 0*y + 10 = y. Let h be ((-16)/y)/(6/(-15)). What is a(h)?
7
Let y(d) = d + 8. Suppose 0 = 5*f + 5*q, 0 = 3*f + 2*f - 4*q. Calculate y(f).
8
Let m(c) = 4*c - 11. Let v(w) = -7*w + 22. Let k(b) = -5*m(b) - 3*v(b). Let l = -1 - -1. What is k(l)?
-11
Let o(x) = -x + 1. Let g be o(-6). Let r(d) = -3*d - 1 + d**2 + 6*d - 2*d - g*d**2. Calculate r(1).
-6
Let d(y) = y - 1. Suppose 4 - 16 = -3*m. Suppose -m*i - i + 15 = 0. What is d(i)?
2
Let i(p) = -p + 5. Let f(m) be the first derivative of m**3/3 + 9*m**2/2 + 8*m - 1. Let n = -45 - -37. Let k be f(n). Calculate i(k).
5
Let g(p) = -p**3 + p**2 + p - 1. Let a = 1 - 5. Let j = -1 - a. Let w be 0/((j + -1)/2). What is g(w)?
-1
Let n(o) = -o**3 - o - 1. Let x = 20 + -13. Suppose 2 = -v + x. Suppose 3*f + 15 = -v*d + 2*d, -13 = -f + 5*d. What is n(f)?
9
Suppose -j - j - 8 = 0. Let p(v) = -4*v - 5. Determine p(j).
11
Let a = -6 + 10. Let g = a + -2. Let k(w) = w - 2 + 2 + g. Determine k(4).
6
Let f(n) = n + 1. Let v(h) = -15*h**3 + 2*h + 2. Let i(g) = -f(g) + v(g). Give i(-1).
15
Let q(l) be the third derivative of -l**6/120 + l**5/15 + l**4/12 + 5*l**3/6 + 13*l**2. Let z = 3 + 2. Give q(z).
-10
Let c(w) = w**2 - 6*w + 6. Suppose 4*v - 3*v + 4*k = 0, -v - k - 12 = 0. Let i be -20*-2*(-2)/v. Calculate c(i).
1
Let q(i) = -11*i**3 + 3*i + 6 - 2*i**2 + 10*i**3 - 2*i**2. Let x be (1/(-2))/(1/8). What is q(x)?
-6
Let g(v) be the third derivative of v**4/24 - v**3/2 - 4*v**2. Suppose -4*z - 2*j = -10, 2*j - 5 = 4*z + j. What is g(z)?
-3
Let f(w) = -4*w + 4*w**2 + w - 3 - 4*w**3 + 12*w**3 - 7*w**3. Calculate f(-4).
9
Let d(r) be the third derivative of 4*r**2 - 1/24*r**4 + 0*r + 0 - 7/6*r**3. What is d(-3)?
-4
Let c(y) = -y**2 - y. Let o(b) = -b**3 + 5*b**2 + 5*b + 1. Let k be o(6). Suppose -16 = -4*u - m, -3*u - 8 = -5*u + 2*m. Let j = u + k. Determine c(j).
0
Let n(y) = 66 + y - 138 + 71. Calculate n(-3).
-4
Suppose 0 = -5*s - 11 + 36. Suppose -s*b = -0*b - 30. Let z(o) = -o - 3 + o + 3*o - b*o. Determine z(-3).
6
Let j be ((-8)/10)/((-2)/5). Suppose -5*w = 3*k - 8*k - 25, -4*k = -2*w + 14. Let u(s) = -3*s + 0*s**w + 4*s**2 + s**3 - 2*s**3. Calculate u(j).
2
Let o(k) = 14*k. Let r(y) = 69*y. Let v(b) = -11*o(b) + 2*r(b). Give v(-1).
16
Let n be (-22)/(3/(-3) + -1). Let b = n - 11. Let l(a) = a**3 + a - 6. Determine l(b).
-6
Let y(g) = -g**3 - 3*g**2 + g - 1. Suppose 0*a = 2*a - 42. Let h = a + -24. Calculate y(h).
-4
Let z = -6 + 14. Suppose -5*h + z*h = 0. Let v(o) = o. What is v(h)?
0
Suppose 2*r + o + 6 = 2, 0 = 3*r + 3*o + 12. Let f(y) = y**3 - 11. Give f(r).
-11
Suppose -u = 2*y - 3, -2*y = -y - 4*u - 6. Let q(o) = -2*o - y*o + 3*o**2 + o**3 + 12 - 15. Give q(-4).
-3
Let u(c) = 3*c + 3. Let i(s) = -s**2 - 22*s + 44. Let v be i(-24). Give u(v).
-9
Let s(q) = -3 + 3*q**2 + 0*q - 2*q**2 - 2*q. Let k be ((-6)/(-5))/(4/(-10)). Give s(k).
12
Let s = -7 + -20. Suppose 0 = -j - 5*u - 3, 2*j + 1 = -0*j - 5*u. Let b(n) = 66*n + 78. Let q(k) = 5*k + 6. Let w(o) = j*b(o) + s*q(o). Determine w(-5).
9
Let u be (2 + -1)/((-4)/(-16)). Suppose -u*v = 2*m, -m = -5*m - 5*v + 9. Let l(g) = 5*g - m*g**2 + 2*g + g**3 - 5 - 2*g. What is l(5)?
-5
Let r(u) = u**3 - 4*u**2 - 4*u + 5. Let c be (-45)/(-10) + (-1)/(-2). Calculate r(c).
10
Let j(g) = -g**2 + g + 3. Let f(b) = -b - 2. Suppose -4*q - 25 + 5 = 0. Let s be f(q). Let w be 2 - (-1 + 0 + s). Calculate j(w).
3
Let i be (6/(-4))/((-2)/4). Let w(g) = g - 3. Let f(t) be the third derivative of -t**3/6 - t**2. Let v(q) = 4*f(q) - 2*w(q). What is v(i)?
-4
Let p(c) be the first derivative of c**2/2 - 3*c - 5. Let r = 22 + -10. Suppose r = 2*d + d. Determine p(d).
1
Let r(k) = k**3 + 5*k**2 - 8*k + 2. Suppose -5 = 6*s - 5*s. Let f be 1/(((-20)/(-24))/s). What is r(f)?
14
Let t(b) = b**3 + 11*b**2 + 9*b - 6. Let c be t(-10). Let y(x) = x + 1. Let d(u) = -u**3 + 4*u**2 + 11*u. Let p(v) = c*y(v) - d(v). What is p(5)?
-6
Let x(k) = -k - 5. Let t be 148/(-16) + (-1)/(-4). Determine x(t).
4
Suppose -w = -4*w + 6. Let a(g) = 0*g + 6 - 3*g**w - g + 2*g**2 + 4*g. Calculate a(5).
-4
Suppose -4*w + 4 = -2*k + 6*k, 2*k = -w + 2. Let y(p) = -k - 3*p - 3 + 2*p. Let t be (-3)/((-11)/(110/6)). What is y(t)?
-9
Let z(i) = -3*i**3 + 6*i**2 + 8*i - 8. Let y(s) = -s**3 + s. Let k(l) = -2*y(l) + z(l). Determine k(7).
-15
Let i(h) = -h**2 - 964*h + 2 + 5*h**3 - 3 + 963*h. Let k(o) = -o**2 - 5*o - 5. Suppose 0 = 4*r - 0*r + 5*s + 31, -4*r - 3*s = 25. Let z be k(r). Calculate i(z).
-6
Let n be (1 - 0) + 2 + -2. Let v be (9/(-12))/(n/(-28)). Suppose 4 = 5*x - v. Let f(j) = j**3 - 5*j**2 + 2*j - 2. Determine f(x).
8
Let x(d) = 3*d**3 - 2*d**2 + 2*d - 1. Let b(i) be the second derivative of -i**5/20 + i**4/12 - i**3/6 + i**2/2 + 2*i. Let s(v) = 4*b(v) + x(v). Give s(2).
-1
Let d = 5 - 3. Let c be 7/2 + 1/d. Let z(u) = -c*u**3 - 2*u - 2 - 6*u**2 + 3*u**3 + 2*u**2. Determine z(-3).
-5
Let m(h) = h**2 + 1 + 4 + 2*h - 6*h. Let k be m(4). Let a(z) = z**3 - 4*z**2 - 4*z - 6. What is a(k)?
-1
Let l(n) = 3*n - 30*n**2 + 29*n**2 - 3*n + 7 - n**3. Calculate l(0).
7
Let p(m) = -m**3 - m**2 - m + 1. Suppose -6*u + 2*u - 2*i = 8, -3*i - 12 = -5*u. Calculate p(u).
1
Suppose 11*x - 9 = 12*x. Let g = 14 + x. Let c(p) = p - 1. Let y(z) = -5*z + 8. Let f(o) = 3*c(o) + y(o). Calculate f(g).
-5
Let v(k) = 8*k**2 + k - 1. Suppose -22 = -5*t - 2*j, -2*t + t + 4*j = 0. Let f be (1/t)/((-2)/(-8)). What is v(f)?
8
Let s be 1/(4/(-8)) - -5 - 9. Let u(t) = -t**2 - 7*t + 3. What is u(s)?
9
Let d(y) = 6*y - 1 - y**2 + 6 - 1. Suppose -2*q = q + 12, -u - q = -1. Give d(u).
9
Let z be -7*(-3 + 2) - 1. Suppose -4*y + 8 = -y + 4*c, y - z = -2*c. Let n(g) be the third derivative of g**4/24 + g**2. Give n(y).
-4
Suppose -q - 3 + 6 = 0. Let g(r) = -r**2 - 3*r. Let j be g(-3). Let f(o) = 4*o + 2*o**2 + 